d) + u(d). Let c be (-28)/(-84) + 10 + 440/(-33). Calculate t(c).
-3
Let h(u) = -12*u**2 + u - 2. Let b be (259/(-7))/((-2)/(-4)) + -1. Let x = b + 76. Calculate h(x).
-13
Let j be 60/36*(2 - -1). Let p(f) = -3*f + 2. Let t(l) = 5*l - 4. Let d(b) = j*p(b) + 2*t(b). What is d(6)?
-28
Let h(w) be the third derivative of w**5/60 - w**4/8 + 5*w**3/6 - 11*w**2. Suppose -5*b = -69 - 31. Suppose 3*a - 8*a = -b. What is h(a)?
9
Let q(j) = -2*j**3 - 8*j**2 + 174*j + 363. Let f be q(-2). Let r(m) = 42*m**3 - m**2 - m - 1. Calculate r(f).
-43
Let g(k) = 6269*k - 12539*k - 83 + 6271*k + k**3. Calculate g(0).
-83
Let p(y) = -6*y + 32. Suppose -203*k + 209*k = -60. Let v(b) = -11*b**2 - 110*b + 5. Let z be v(k). What is p(z)?
2
Let c(i) = -101*i**2 + 11*i + 8. Let m(t) = 268*t**2 - 34*t - 23. Let f(k) = 8*c(k) + 3*m(k). Calculate f(-3).
1
Let g be (73/(-3) - -2)/(100/3900). Let u = -869 - g. Let r(q) = 12*q - 3. Calculate r(u).
21
Let l(u) = -2*u**2 - 3*u - 5. Let v(o) be the third derivative of o**5/60 + o**4/8 + 12*o**2 + 3*o. Let b(i) = -l(i) - 3*v(i). Calculate b(-7).
-2
Let d(p) = -10*p + 34. Let h(f) = -5*f + 15. Let x(s) = -4*d(s) + 9*h(s). Let l be (-204)/(-28) - (-4)/(-14). What is x(l)?
-36
Let o(u) = 13*u + 37. Suppose -67*s + 68*s + 25 = 2*w, -s + 52 = 5*w. Let n(y) = -7*y - 19. Let r be -4 - -3 - 7/(-1). Let z(v) = r*o(v) + w*n(v). Give z(0).
13
Let f(v) = 1258 + 4*v - 1258. Suppose -117*i + 347 = 113. What is f(i)?
8
Let s(q) = q**2 - 3*q - 4. Let y(g) = 3*g**3 - g**2 + 2. Let t(r) = -7*r - 34. Let f be t(-5). Let z be y(f). Calculate s(z).
0
Let n be (-3)/12 - (-117)/36. Let v(l) = -6*l**2 - 17 - 4*l - 13 - l**n + 23 - 3*l. Let r be (-39)/9 + 4/(-6). Determine v(r).
3
Let z(d) = -10*d + 1. Let v = -972 + 971. Let h be (-70)/210*(v + 16). Determine z(h).
51
Let n be (-2 - (-1)/5)/((-27)/405). Let m(b) = -34 - 31 + 88 - 7*b**2 - n + b**3. Suppose -7 - 31 = -4*j + 2*w, 0 = 3*j + 2*w - 11. Calculate m(j).
-4
Suppose 4*g + a = -106, -5*a = 3*g + 319 - 265. Let j(y) = y**3 + 27*y**2 - 28*y - 2. Determine j(g).
-2
Suppose -382*z + 449*z = -201. Let o(s) = s**3 + s**2 + 3*s + 1. Calculate o(z).
-26
Let n(t) = 9*t - 72. Suppose 0 = -x + 5*k + 33, 229*k + 21 = 2*x + 228*k. Determine n(x).
0
Let u(i) = -6*i - 12. Let t be u(-3). Suppose 14*p = t*p + 48. Suppose -x = -m, x + 3*m - 10 = p*x. Let l(q) = -q**3 - 5*q**2 - 3*q - 4. Determine l(x).
11
Let h(w) = 88*w**3 + 6*w**2 - 12*w + 11. Let p(q) = -439*q**3 - 29*q**2 + 58*q - 53. Let s(k) = -29*h(k) - 6*p(k). Give s(1).
81
Suppose 11 = 5*j - l, -4*l - 3 = -2*j + 5. Let p(m) = -5 - 3 + m + 0*m**2 + 7 + j*m**2. Determine p(2).
9
Let r(h) = -10*h - 1. Let k(n) = -12*n - 9 - n + 8. Let b(w) = -2*k(w) + 3*r(w). What is b(1)?
-5
Let j(s) = s - 16. Suppose 35*c - 569 = 411. What is j(c)?
12
Suppose -4*f + p = -15, -4*p = -0*f - 4*f. Suppose -d - 174 = 3*v - 488, -526 = -f*v - d. Let t(x) = -v*x - 113*x + 220*x + 8. Calculate t(-8).
0
Let v = -1809 - -1813. Let y(r) = -5*r**3 - 2*r**2 - 4*r + 1. Let o(l) = -6*l**3 - l**2 - 4*l + 1. Let t = -9 - -4. Let n(z) = t*y(z) + v*o(z). Calculate n(-5).
4
Let q(o) be the second derivative of -11*o**3/6 + o**2/2 + 622*o. Determine q(0).
1
Let x(u) be the second derivative of 3*u**5/10 - u**3/6 - u**2/2 + 8*u. Suppose 0 = -3*v + 3*a + 15, 5*a + 7 = v - 2*v. Suppose -v*f - 13 = -10. Calculate x(f).
-6
Let l(p) = -1213*p**2 + 406*p**2 + 405*p**2 + 18*p + 405*p**2 + 22. Calculate l(-4).
-2
Let a = -223 + 247. Let w(p) = -2 + 8*p + 10*p - a*p + 10*p. Give w(1).
2
Let z(i) = -2*i**2 - 1. Let h(l) = 7*l - 94. Let k be h(14). Suppose 5*u - 4 = -k*w, 0 = -10*u + 12*u. Calculate z(w).
-3
Let a(w) = 169*w**2 + 27*w + 4. Let r(l) = 61*l**2 + 9*l + 1. Let f(q) = 4*a(q) - 11*r(q). Give f(-2).
7
Suppose 0 = 4*q + 4*m - 40, -q - 2*m - 22 = -6*q. Let a(y) = 2*y + 2*y + q - y - y**2 - 1. Let b be (-66)/12 - (-6)/4. Determine a(b).
-23
Let w be 15/(-20) - -3 - (1045/(-76) + 14). Let m(r) = 4*r - 3*r**3 + 2 - 2*r - 5*r**2 + 4*r**3. Calculate m(w).
-6
Let d(w) = -w + 8. Let m(j) be the first derivative of j**4/4 + 2*j**3/3 - j**2/2 + 12*j + 29. Let r be m(-3). Calculate d(r).
2
Let h(n) = -n**2 + 6*n + 14. Let y(x) = -5*x**2 + 34*x + 68. Let l(o) = 11*h(o) - 2*y(o). What is l(-4)?
10
Suppose 0 = 152*u - 150*u - 4. Let v(r) = -8*r + 204*r**u - 412*r**2 + 209*r**2 - 4. Determine v(8).
-4
Let n be -4 + -11 - (-15 + -1). Let r(u) = -17*u**2 + u - 1. What is r(n)?
-17
Let v(l) = 79*l**3 + 97*l - 78*l**3 - 21 - 13 - 21*l**2 + 56 - 7. Determine v(14).
1
Let j(r) be the first derivative of 9 + 7/6*r**3 - 2*r**2 - 8*r - 1/12*r**4. Let k(x) be the first derivative of j(x). Determine k(6).
2
Let o(l) = -l**2 - 4*l - 4. Let g be (81/9)/36*0. Let n(m) = 5*m - 5. Let a(v) = -v. Let j(f) = -3*a(f) + n(f). Let z be j(g). What is o(z)?
-9
Let o(n) = -n**3 + 12*n**2 + 8*n - 20. Let z(u) = -u**2. Let q(d) = -o(d) - 6*z(d). Determine q(7).
13
Let i(z) = -z**3 - 6*z**2 + 19*z + 26. Let x be i(-8). Let o(g) be the second derivative of -3*g**4/4 + 2*g**3/3 - 3*g**2/2 + 7*g. Determine o(x).
-31
Let h = 1767 + -1758. Let s(j) be the third derivative of -1/6*j**4 + 0 + 1/12*j**5 - 5/6*j**3 + 0*j - h*j**2 - 1/120*j**6. Calculate s(4).
-5
Let h(g) = -g**3 + 11*g**2 + 11*g + 13. Let d be h(12). Let j = -42 + d. Let i = -45 - j. Let w(p) = p**3 + 4*p**2 + 3*p + 3. What is w(i)?
-9
Let q(n) be the first derivative of 2*n**3 - n + 2644. Let c be ((-9)/4)/(6/16). Let r be -4 + 4/((-8)/c). Determine q(r).
5
Let z be 1*42/(-28)*(-4)/(-6). Let m(l) = -50*l**2 + l. Let f be m(z). Let i = f + 57. Let a(j) = j**3 - 7*j**2 + 8*j - 7. Calculate a(i).
5
Let u be (1 + -15)*(-20)/40. Let j be (2/u*7)/(4/10). Let l(h) = h - 4. Give l(j).
1
Let d(i) = -6*i. Let g be (-23)/(-1) - (-5 - -4). Let u be 9/g - 20/(-32). Determine d(u).
-6
Suppose -3*g + 2*b + 12 = 0, -3*b - 4 = -g - 0*b. Let w be 5/(60/(-18))*32/(-6). Let i(t) = -20*t + 9*t - 3*t + 1 + w*t + t**2. What is i(g)?
-7
Let k(p) = -5*p**3 - 12*p**2 - 16*p + 5. Let r(z) = 12*z**3 + 25*z**2 + 33*z - 8. Let a(q) = 5*k(q) + 2*r(q). Calculate a(-8).
-7
Suppose -a = -5*y - 53, -12 + 19 = -y + 2*a. Let u(z) = 25*z + 283. Let r be u(y). Let f(n) = -n**3 + 8*n**2 - n - 3. Give f(r).
-11
Let v(x) = 3*x**3 + 4*x**2 + 3*x + 2. Let l be v(-2). Let i be (-4)/(3*1/l). Suppose 0 = 2*r - 10 + i. Let j(p) = -p**2 - 4*p - 2. Determine j(r).
1
Let y(r) be the second derivative of 5*r**3/2 + 56*r. Let v(j) = 4*j + 19. Let d be v(-5). Calculate y(d).
-15
Let s(g) = -2*g**2 - 5 + 1700*g + 3 + g**3 - 6*g**2 - 1691*g. Suppose -9*l - 8 = -10*l. Suppose j + 2*r - l = -2*j, j + 5*r + 19 = 0. Calculate s(j).
-20
Let v(c) = -c**3 + 3*c**2 + 6*c - 5. Let g = 366 - -117. Let l = 487 - g. Give v(l).
3
Suppose 30*h = 201 - 51. Suppose 8 = 2*q - t + 4, -2*t = h*q - 19. Let l(y) = y**3 - 3*y**2 - 2*y + 2. What is l(q)?
-4
Suppose 2 = -s + 2*s. Let w(m) = m**3 + 9 - s*m - 3*m - 14 - 5*m**2. Let t be w(6). Let g(d) = 7*d**3 - d. What is g(t)?
6
Let w be (-46)/1 - (2 + -3). Let i be 2/10 + (-666)/w. Suppose 8*b + 2*b = i*b. Let v(p) = -p + 3. Give v(b).
3
Let o(d) = 4*d + 29. Let c be o(5). Let s(p) = 26*p - 2. Let b be s(2). Let h = b - c. Let z(t) = 5*t**2 + 2*t - 1. Give z(h).
6
Let j(f) = 37*f**2 - 36*f**2 - 661 + 634 - 26*f. Give j(27).
0
Let n(q) be the third derivative of -55*q**2 + 0*q + 1/10*q**5 - 5/6*q**3 - 2 + 1/24*q**4 - 1/120*q**6. Let b be (-2)/(-2 + 4) - -7. Calculate n(b).
1
Let x(u) = -u**2 + 5*u + 6. Suppose j + 1 = -0*j. Suppose 2*w - 17*w + 225 = 0. Let s be j/(-1 + 12/w). Calculate x(s).
6
Suppose 4*r = 2*c + 744, -2*c - 9*r + 6*r - 744 = 0. Let p = c - -366. Let d(n) = -n**2 - 9*n - 9. Calculate d(p).
9
Let z(b) = -6*b**3 + 5*b**2 - 6*b + 3. Suppose 116*u - 160 = 36*u. Determine z(u).
-37
Let o(s) = 10*s**2 + 58*s - 6. Suppose 558 = -159*v + 66*v. Calculate o(v).
6
Let l(k) = 13*k**3 - 119*k**2 - 371*k - 14. Let g(q) = 6*q**3 - 59*q**2 - 186*q - 10. Let r(v) = 15*g(v) - 7*l(v). What is r(-48)?
-4
Suppose -9 + 229 = 11*h. Let n(v) = -v**3 + 19*v**2 + 26*v - 17. Calculate n(h).
103
Suppose 0 = 61*l - 67*l + 72. Let d(y) = -y**2 + 11*y - 22. Give d(l).
-34
Let o be ((-28)/(-3))/(-7) + (-138)/18. Let t(q) = -9*q - 3. What is t(o)?
78
Suppose -4*h + 4 = -3*w + 12, 3*h - w + 1 = 0. Suppose -2*q - h + 5